 factor of 273 and 78.
39
What is the highest common factor of 15495 and 15?
15
Calculate the greatest common divisor of 126 and 14.
14
What is the greatest common divisor of 9 and 57744?
9
What is the highest common factor of 93 and 930?
93
What is the highest common divisor of 2816 and 88?
88
What is the greatest common factor of 37 and 5809?
37
Calculate the greatest common divisor of 47 and 1269.
47
Calculate the greatest common divisor of 32 and 128.
32
Calculate the greatest common divisor of 189 and 1260.
63
What is the highest common factor of 152 and 1112?
8
Calculate the highest common factor of 495 and 18.
9
Calculate the highest common divisor of 187 and 121.
11
What is the highest common factor of 52 and 169?
13
Calculate the highest common factor of 208 and 91.
13
What is the highest common factor of 1568 and 336?
112
What is the greatest common divisor of 377 and 117?
13
Calculate the highest common divisor of 38 and 24.
2
Calculate the highest common factor of 34 and 6766.
34
Calculate the greatest common divisor of 63 and 252.
63
What is the highest common factor of 1233 and 27?
9
Calculate the highest common divisor of 171 and 1178.
19
What is the greatest common factor of 29 and 1189?
29
What is the highest common divisor of 16 and 916?
4
What is the greatest common factor of 13 and 3744?
13
What is the highest common factor of 1634 and 76?
38
Calculate the greatest common divisor of 873 and 5626.
97
Calculate the highest common factor of 1029 and 1470.
147
What is the highest common divisor of 12 and 13044?
12
Calculate the highest common factor of 126 and 387.
9
Calculate the greatest common divisor of 807 and 12.
3
Calculate the greatest common divisor of 3 and 15.
3
What is the greatest common factor of 2255 and 110?
55
What is the greatest common factor of 30 and 110?
10
Calculate the highest common factor of 5 and 5645.
5
What is the highest common factor of 5363 and 155?
31
Calculate the greatest common factor of 208 and 117.
13
What is the highest common divisor of 125606 and 26?
26
Calculate the greatest common divisor of 203 and 29.
29
Calculate the highest common factor of 17 and 2125.
17
Calculate the highest common factor of 294 and 126.
42
Calculate the greatest common divisor of 18 and 1266.
6
Calculate the highest common factor of 50 and 1150.
50
Calculate the greatest common divisor of 128 and 2768.
16
Calculate the highest common divisor of 31 and 2.
1
What is the greatest common divisor of 16610 and 110?
110
What is the highest common divisor of 66 and 22?
22
What is the highest common divisor of 89364 and 132?
132
Calculate the greatest common divisor of 266 and 76.
38
What is the highest common factor of 40 and 45?
5
What is the greatest common factor of 677 and 2?
1
Calculate the highest common factor of 14180 and 20.
20
Calculate the greatest common factor of 62 and 1209.
31
What is the greatest common divisor of 79 and 2923?
79
What is the greatest common factor of 420 and 120?
60
Calculate the greatest common factor of 45 and 635.
5
Calculate the highest common factor of 156 and 3081.
39
Calculate the greatest common factor of 3369 and 3.
3
Calculate the greatest common factor of 123 and 123.
123
Calculate the highest common factor of 605 and 10.
5
What is the greatest common divisor of 88 and 24?
8
Calculate the highest common divisor of 138 and 9.
3
Calculate the highest common divisor of 31 and 496.
31
What is the greatest common divisor of 48 and 186?
6
Calculate the highest common factor of 2560 and 3360.
160
What is the greatest common factor of 399 and 285?
57
Calculate the highest common divisor of 62 and 4898.
62
Calculate the highest common factor of 30 and 3060.
30
Calculate the greatest common divisor of 2919 and 56.
7
Calculate the greatest common factor of 636 and 2279.
53
Calculate the greatest common divisor of 21047 and 65.
13
What is the greatest common divisor of 119 and 6307?
119
What is the greatest common factor of 5491 and 19?
19
Calculate the highest common factor of 3735 and 45.
45
Calculate the greatest common divisor of 8531 and 19.
19
Calculate the highest common factor of 78 and 689.
13
What is the greatest common factor of 11 and 253?
11
What is the greatest common divisor of 56 and 2856?
56
What is the highest common factor of 551 and 29?
29
What is the greatest common divisor of 7395 and 68?
17
What is the greatest common divisor of 1001 and 91?
91
What is the highest common factor of 11 and 187?
11
Calculate the highest common divisor of 33 and 60.
3
What is the highest common factor of 496 and 112?
16
Calculate the greatest common divisor of 455 and 28.
7
What is the greatest common divisor of 3140 and 40?
20
What is the highest common factor of 20 and 4?
4
Calculate the greatest common divisor of 112 and 7.
7
What is the highest common factor of 44 and 77?
11
Calculate the highest common divisor of 224 and 14.
14
What is the highest common divisor of 1968 and 12?
12
Calculate the highest common factor of 4236 and 60.
12
Calculate the highest common factor of 156 and 39.
39
What is the highest common divisor of 33 and 99?
33
What is the greatest common divisor of 148 and 5106?
74
What is the greatest common divisor of 2208 and 64?
32
Calculate the highest common factor of 83 and 1909.
83
What is the highest common divisor of 150 and 100?
50
Calculate the greatest common divisor of 256 and 8.
8
What is the highest common divisor of 3350 and 50?
50
What is the highest common factor of 72 and 132?
12
What is the greatest common factor of 44 and 3465?
11
What is the greatest common divisor of 494 and 286?
26
What is the highest common divisor of 29 and 5?
1
What is the greatest common divisor of 1550 and 5?
5
What is the greatest common divisor of 6624 and 60?
12
What is the greatest common divisor of 72 and 2628?
36
Calculate the greatest common divisor of 24625 and 125.
125
What is the greatest common divisor of 32 and 5024?
32
What is the greatest common divisor of 4599 and 63?
63
What is the greatest common factor of 497 and 113813?
497
Calculate the highest common factor of 5 and 260.
5
Calculate the highest common factor of 212 and 530.
106
Calculate the highest common factor of 32886 and 243.
81
What is the highest common factor of 299 and 13?
13
What is the greatest common factor of 195 and 156?
39
What is the greatest common factor of 560 and 70?
70
What is the highest common divisor of 175 and 100?
25
What is the greatest common factor of 182 and 58149?
91
What is the greatest common factor of 652 and 1467?
163
What is the highest common divisor of 32 and 368?
16
Calculate the greatest common divisor of 297 and 33.
33
What is the highest common divisor of 36 and 102?
6
Calculate the greatest common factor of 483 and 1288.
161
Calculate the highest common divisor of 849 and 3.
3
What is the highest common divisor of 172 and 76?
4
Calculate the highest common factor of 31453 and 213.
71
Calculate the greatest common factor of 95 and 190.
95
Calculate the highest common divisor of 812 and 1120.
28
What is the greatest common divisor of 33 and 15?
3
Calculate the greatest common factor of 261 and 72.
9
Calculate the greatest common factor of 40 and 428.
4
Calculate the greatest common factor of 357 and 21.
21
What is the highest common factor of 2343 and 55?
11
What is the greatest common divisor of 200 and 24?
8
Calculate the highest common divisor of 24 and 30.
6
What is the greatest common factor of 6 and 144?
6
What is the highest common factor of 279 and 63?
9
Calculate the greatest common factor of 170 and 110.
10
What is the highest common divisor of 80 and 368?
16
What is the greatest common divisor of 12 and 1068?
12
Calculate the highest common divisor of 5332 and 1204.
172
What is the greatest common factor of 1088 and 170?
34
Calculate the greatest common divisor of 4 and 128.
4
What is the greatest common divisor of 77 and 7?
7
What is the highest common factor of 180 and 2556?
36
Calculate the greatest common divisor of 24 and 120.
24
What is the greatest common divisor of 14 and 21070?
14
Calculate the greatest common factor of 1364 and 44.
44
What is the greatest common divisor of 46 and 6?
2
Calculate the greatest common divisor of 4 and 58.
2